{"id":14104,"date":"2023-12-04T15:55:39","date_gmt":"2023-12-04T15:55:39","guid":{"rendered":"https:\/\/esperancas.com\/?page_id=14104"},"modified":"2023-12-04T16:15:51","modified_gmt":"2023-12-04T16:15:51","slug":"go-iepe","status":"publish","type":"page","link":"https:\/\/esperancas.com\/en\/go-iepe\/","title":{"rendered":"(Portugu\u00eas) GO-IEPE"},"content":{"rendered":"<div id=\"fb-root\"><\/div>\n<p>[vc_row][vc_column][vc_column_text]<strong>GO IEPE &#8211; Instala\u00e7\u00e3o Eficiente de Povoamentos de Eucalipto<\/strong><\/p>\n<p class=\"font_8 wixui-rich-text__text\"><span class=\"wixui-rich-text__text\"><span class=\"color_11 wixui-rich-text__text\">PDR 2020 &#8211; Programa de Desenvolvimento Rural 2014-2020<\/span><\/span><\/p>\n<p class=\"font_8 wixui-rich-text__text\"><span class=\"wixui-rich-text__text\"><span class=\"wixGuard wixui-rich-text__text\">\u200b<\/span><\/span><span class=\"wixui-rich-text__text\"><span class=\"color_11 wixui-rich-text__text\">Janeiro de 2017 a Dezembro de 202<\/span><span class=\"color_11 wixui-rich-text__text\">2<\/span><\/span><\/p>\n<p class=\"font_8 wixui-rich-text__text\"><span class=\"wixui-rich-text__text\"><span class=\"color_11 wixui-rich-text__text\">Objectivos:<\/span><\/span><\/p>\n<p class=\"font_8 wixui-rich-text__text\"><span class=\"wixui-rich-text__text\"><span class=\"color_11 wixui-rich-text__text\">Desenvolvimento de uma ferramenta de suporte \u00e0 tomada de decis\u00e3o para a instala\u00e7\u00e3o dos povoamentos de eucalipto, baseada em t\u00e9cnicas silv\u00edcolas sustent\u00e1veis ao n\u00edvel do recurso solo e adequadas aos diferentes ambientes florestais. Pretende-se uma instrumenta\u00e7\u00e3o de f\u00e1cil utiliza\u00e7\u00e3o (user friendly), baseada em vari\u00e1veis ambientais facilmente mensur\u00e1veis pelo propriet\u00e1rio florestal comum e que permita, n\u00e3o s\u00f3 identificar as pr\u00e1ticas adequadas \u00e0 instala\u00e7\u00e3o dos povoamentos, mas tamb\u00e9m possibilite uma an\u00e1lise econ\u00f3mica de custos, tendo por base uma estimativa das expetativas de produ\u00e7\u00e3o florestal para o ambiente em causa.<\/span><\/span><\/p>\n<p class=\"font_8 wixui-rich-text__text\"><span class=\"wixui-rich-text__text\"><span class=\"color_11 wixui-rich-text__text\">Os objetivos espec\u00edficos da iniciativa s\u00e3o:<\/span><\/span><\/p>\n<ol class=\"color_11 font_8 wixui-rich-text__text\">\n<li class=\"wixui-rich-text__text\">\n<p class=\"font_8 wixui-rich-text__text\"><span class=\"wixui-rich-text__text\"><span class=\"color_11 wixui-rich-text__text\">Desenvolver e implementar uma ferramenta de apoio \u00e0 tomada de decis\u00e3o para a eficiente instala\u00e7\u00e3o dos povoamentos de eucalipto.<\/span><\/span><\/p>\n<\/li>\n<li class=\"wixui-rich-text__text\">\n<p class=\"font_8 wixui-rich-text__text\"><span class=\"wixui-rich-text__text\"><span class=\"color_11 wixui-rich-text__text\">Potenciar a aprendizagem coletiva sobre as pr\u00e1ticas de mobiliza\u00e7\u00e3o do solo, promovendo o cultivo m\u00ednimo, e a sustentabilidade das pr\u00e1ticas testadas no cultivo do eucalipto.<\/span><\/span><\/p>\n<\/li>\n<li class=\"wixui-rich-text__text\">\n<p class=\"font_8 wixui-rich-text__text\"><span class=\"wixui-rich-text__text\"><span class=\"color_11 wixui-rich-text__text\">Identificar constrangimentos e barreiras no acesso ao conhecimento e informa\u00e7\u00e3o necess\u00e1ria para a introdu\u00e7\u00e3o de inova\u00e7\u00f5es no dom\u00ednio da sustentabilidade dos processos de instala\u00e7\u00e3o e gest\u00e3o dos povoamentos de eucalipto, desenvolvendo solu\u00e7\u00f5es para as ultrapassar.<\/span><\/span><\/p>\n<\/li>\n<li class=\"wixui-rich-text__text\">\n<p class=\"font_8 wixui-rich-text__text\"><span class=\"wixui-rich-text__text\"><span class=\"color_11 wixui-rich-text__text\">Promover a dissemina\u00e7\u00e3o e demonstra\u00e7\u00e3o dos resultados junto dos utilizadores do conhecimento, nomeadamente associa\u00e7\u00f5es de produtores florestais, gestores e propriet\u00e1rios privados e p\u00fablicos.<\/span><\/span><\/p>\n<\/li>\n<li class=\"wixui-rich-text__text\">\n<p class=\"font_8 wixui-rich-text__text\"><span class=\"wixui-rich-text__text\"><span class=\"color_11 wixui-rich-text__text\">Promover a coopera\u00e7\u00e3o t\u00e9cnica entre as entidades que atuam nos dom\u00ednios das planta\u00e7\u00f5es florestais e na mobiliza\u00e7\u00e3o de solos e fomentar o refor\u00e7o da capacidade para a r\u00e1pida recolha de informa\u00e7\u00f5es sobre o solo e monitoriza\u00e7\u00e3o ao n\u00edvel regional, dando o seu contributo para uma vis\u00e3o global.<\/span><\/span><\/p>\n<\/li>\n<\/ol>\n<p class=\"font_8 wixui-rich-text__text\"><span class=\"wixui-rich-text__text\"><span class=\"color_11 wixui-rich-text__text\">Os objetivos desta Iniciativa visam contribuir na sua generalidade para a melhoria dos povoamentos de eucalipto em Portugal e, consequentemente, na sustentabilidade da capacidade produtiva dos solos florestais e dos ecossistemas florestais.<\/span><\/span><\/p>\n<p class=\"font_8 wixui-rich-text__text\"><strong><span class=\"wixui-rich-text__text\"><span class=\"color_11 wixui-rich-text__text\">Resultados previstos:<\/span><\/span><\/strong><\/p>\n<p class=\"font_8 wixui-rich-text__text\"><span class=\"wixui-rich-text__text\"><span class=\"color_11 wixui-rich-text__text\">Com esta ferramenta pretende-se:<\/span><\/span><\/p>\n<ul class=\"color_11 font_8 wixui-rich-text__text\">\n<li class=\"wixui-rich-text__text\">\n<p class=\"font_8 wixui-rich-text__text\"><span class=\"wixui-rich-text__text\"><span class=\"color_11 wixui-rich-text__text\">Demonstrar aos propriet\u00e1rios do minif\u00fandio quais as t\u00e9cnicas corretas na instala\u00e7\u00e3o dos povoamentos de eucalipto\u037e<\/span><\/span><\/p>\n<\/li>\n<li class=\"wixui-rich-text__text\">\n<p class=\"font_8 wixui-rich-text__text\"><span class=\"wixui-rich-text__text\"><span class=\"color_11 wixui-rich-text__text\">Incutir ao setor florestal privado t\u00e9cnicas de prepara\u00e7\u00e3o do terreno menos intensivas, de menor custo e ambientalmente mais adequadas, reduzindo o n\u00famero de \u00e1reas com problemas decorrentes desta atividade\u037e<\/span><\/span><\/p>\n<\/li>\n<li class=\"wixui-rich-text__text\">\n<p class=\"font_8 wixui-rich-text__text\"><span class=\"wixui-rich-text__text\"><span class=\"color_11 wixui-rich-text__text\">Ajudar a reduzir os custos da instala\u00e7\u00e3o dos povoamentos de eucalipto\u037e<\/span><\/span><\/p>\n<\/li>\n<li class=\"wixui-rich-text__text\">\n<p class=\"font_8 wixui-rich-text__text\"><span class=\"wixui-rich-text__text\"><span class=\"color_11 wixui-rich-text__text\">Contribuir para a melhoria da produtividade florestal do eucalipto no pa\u00eds, pela dinamiza\u00e7\u00e3o do setor e ado\u00e7\u00e3o de t\u00e9cnicas adequadas na instala\u00e7\u00e3o dos povoamentos de eucalipto\u037e<\/span><\/span><\/p>\n<\/li>\n<li class=\"wixui-rich-text__text\">\n<p class=\"font_8 wixui-rich-text__text\"><span class=\"wixui-rich-text__text\"><span class=\"color_11 wixui-rich-text__text\">Demonstrar aos prestadores de servi\u00e7os que \u00e9 necess\u00e1rio adaptar e mudar o equipamento de forma a aumentar o potencial produtivo da regi\u00e3o com o m\u00ednimo de impacto ambiental\u037e<\/span><\/span><\/p>\n<\/li>\n<li class=\"wixui-rich-text__text\">\n<p class=\"font_8 wixui-rich-text__text\"><span class=\"wixui-rich-text__text\"><span class=\"color_11 wixui-rich-text__text\">Contribuir para o aumento da consci\u00eancia na sociedade civil e decisores sobre a import\u00e2ncia do solo para a vida humana.<\/span><\/span><\/p>\n<\/li>\n<\/ul>\n<p class=\"font_8 wixui-rich-text__text\"><strong><span class=\"wixui-rich-text__text\"><span class=\"color_11 wixui-rich-text__text\">Institui\u00e7\u00e3o promotora:<\/span><\/span><\/strong><\/p>\n<ul class=\"color_11 font_8 wixui-rich-text__text\">\n<li class=\"wixui-rich-text__text\">\n<p class=\"font_8 wixui-rich-text__text\"><span class=\"wixui-rich-text__text\"><span class=\"color_11 wixui-rich-text__text\">ORGANIZA\u00c7\u00c3O FLORESTAL ATLANTIS \u2013 ASS. DESENVOLVIMENTO FLORESTAL<\/span><\/span><\/p>\n<\/li>\n<\/ul>\n<p class=\"font_8 wixui-rich-text__text\"><span class=\"wixui-rich-text__text\"><span class=\"color_11 wixui-rich-text__text\">\u00a0<\/span><\/span><\/p>\n<p class=\"font_8 wixui-rich-text__text\"><strong><span class=\"wixui-rich-text__text\"><span class=\"color_11 wixui-rich-text__text\">Parceiros:<\/span><\/span><\/strong><\/p>\n<ul class=\"color_11 font_8 wixui-rich-text__text\">\n<li class=\"wixui-rich-text__text\">\n<p class=\"font_8 wixui-rich-text__text\"><span class=\"wixui-rich-text__text\"><span class=\"color_11 wixui-rich-text__text\">RAIZ &#8211; INSTITUTO DE INVESTIGA\u00c7\u00c3O DA FLORESTA E PAPEL<\/span><\/span><\/p>\n<\/li>\n<li class=\"wixui-rich-text__text\">\n<p class=\"font_8 wixui-rich-text__text\"><span class=\"wixui-rich-text__text\"><span class=\"color_11 wixui-rich-text__text\">ESCOLA SUPERIOR AGR\u00c1RIA DO INSTITUTO POLIT\u00c9CNICO DE COIMBRA<\/span><\/span><\/p>\n<\/li>\n<li class=\"wixui-rich-text__text\">\n<p class=\"font_8 wixui-rich-text__text\"><span class=\"wixui-rich-text__text\"><span class=\"color_11 wixui-rich-text__text\">JJM ESPERAN\u00c7A LDA<\/span><\/span><\/p>\n<\/li>\n<li class=\"wixui-rich-text__text\">\n<p class=\"font_8 wixui-rich-text__text\"><span class=\"wixui-rich-text__text\"><span class=\"color_11 wixui-rich-text__text\">ANEFA ASS. NACIONAL DE EMPRESAS FLORESTAIS AGRICOLAS E DO AMBIENTE<\/span><\/span><\/p>\n<\/li>\n<li class=\"wixui-rich-text__text\">\n<p class=\"font_8 wixui-rich-text__text\"><span class=\"wixui-rich-text__text\"><span class=\"color_11 wixui-rich-text__text\">GREENCLON, LDA<\/span><\/span><\/p>\n<\/li>\n<li class=\"wixui-rich-text__text\">\n<p class=\"font_8 wixui-rich-text__text\"><span class=\"wixui-rich-text__text\"><span class=\"color_11 wixui-rich-text__text\">FORESTFIN &#8211; FLORESTAS E AFINS, LDA<\/span><\/span><\/p>\n<\/li>\n<li class=\"wixui-rich-text__text\">\n<p class=\"font_8 wixui-rich-text__text\"><span class=\"wixui-rich-text__text\"><span class=\"color_11 wixui-rich-text__text\">LEIT\u00c3O &amp; CAVALEIRO SILVICULTURA E EXPLORA\u00c7\u00c3O FLORESTAL LDA<\/span><\/span><\/p>\n<\/li>\n<\/ul>\n<p>&nbsp;<\/p>\n<p><strong>Confinanciado por:<\/strong>[\/vc_column_text][vc_single_image image=&#8221;14107&#8243; img_size=&#8221;full&#8221; onclick=&#8221;custom_link&#8221; link=&#8221;http:\/\/www.pdr-2020.pt\/&#8221;][\/vc_column][\/vc_row]<\/p>\n","protected":false},"excerpt":{"rendered":"<p>[vc_row][vc_column][vc_column_text]GO IEPE &#8211; Instala\u00e7\u00e3o Eficiente de Povoamentos de Eucalipto PDR 2020 &#8211; Programa de Desenvolvimento Rural 2014-2020 \u200bJaneiro de 2017 a Dezembro de 2022 Objectivos: Desenvolvimento de uma ferramenta de suporte \u00e0 tomada de decis\u00e3o para a instala\u00e7\u00e3o dos povoamentos de eucalipto, baseada em t\u00e9cnicas silv\u00edcolas sustent\u00e1veis ao n\u00edvel do recurso solo e adequadas aos&hellip;<\/p>\n","protected":false},"author":1,"featured_media":0,"parent":0,"menu_order":0,"comment_status":"closed","ping_status":"closed","template":"","meta":{"footnotes":""},"class_list":["post-14104","page","type-page","status-publish","hentry"],"_links":{"self":[{"href":"https:\/\/esperancas.com\/en\/wp-json\/wp\/v2\/pages\/14104","targetHints":{"allow":["GET"]}}],"collection":[{"href":"https:\/\/esperancas.com\/en\/wp-json\/wp\/v2\/pages"}],"about":[{"href":"https:\/\/esperancas.com\/en\/wp-json\/wp\/v2\/types\/page"}],"author":[{"embeddable":true,"href":"https:\/\/esperancas.com\/en\/wp-json\/wp\/v2\/users\/1"}],"replies":[{"embeddable":true,"href":"https:\/\/esperancas.com\/en\/wp-json\/wp\/v2\/comments?post=14104"}],"version-history":[{"count":6,"href":"https:\/\/esperancas.com\/en\/wp-json\/wp\/v2\/pages\/14104\/revisions"}],"predecessor-version":[{"id":14115,"href":"https:\/\/esperancas.com\/en\/wp-json\/wp\/v2\/pages\/14104\/revisions\/14115"}],"wp:attachment":[{"href":"https:\/\/esperancas.com\/en\/wp-json\/wp\/v2\/media?parent=14104"}],"curies":[{"name":"wp","href":"https:\/\/api.w.org\/{rel}","templated":true}]}}

(Português) GO-IEPE

<div id="fb-root"></div>
<p>[vc_row][vc_column][vc_column_text]<strong>GO IEPE &#8211; Instalação Eficiente de Povoamentos de Eucalipto</strong></p>
<p class="font_8 wixui-rich-text__text"><span class="wixui-rich-text__text"><span class="color_11 wixui-rich-text__text">PDR 2020 &#8211; Programa de Desenvolvimento Rural 2014-2020</span></span></p>
<p class="font_8 wixui-rich-text__text"><span class="wixui-rich-text__text"><span class="wixGuard wixui-rich-text__text">​</span></span><span class="wixui-rich-text__text"><span class="color_11 wixui-rich-text__text">Janeiro de 2017 a Dezembro de 202</span><span class="color_11 wixui-rich-text__text">2</span></span></p>
<p class="font_8 wixui-rich-text__text"><span class="wixui-rich-text__text"><span class="color_11 wixui-rich-text__text">Objectivos:</span></span></p>
<p class="font_8 wixui-rich-text__text"><span class="wixui-rich-text__text"><span class="color_11 wixui-rich-text__text">Desenvolvimento de uma ferramenta de suporte à tomada de decisão para a instalação dos povoamentos de eucalipto, baseada em técnicas silvícolas sustentáveis ao nível do recurso solo e adequadas aos diferentes ambientes florestais. Pretende-se uma instrumentação de fácil utilização (user friendly), baseada em variáveis ambientais facilmente mensuráveis pelo proprietário florestal comum e que permita, não só identificar as práticas adequadas à instalação dos povoamentos, mas também possibilite uma análise económica de custos, tendo por base uma estimativa das expetativas de produção florestal para o ambiente em causa.</span></span></p>
<p class="font_8 wixui-rich-text__text"><span class="wixui-rich-text__text"><span class="color_11 wixui-rich-text__text">Os objetivos específicos da iniciativa são:</span></span></p>
<ol class="color_11 font_8 wixui-rich-text__text">
<li class="wixui-rich-text__text">
<p class="font_8 wixui-rich-text__text"><span class="wixui-rich-text__text"><span class="color_11 wixui-rich-text__text">Desenvolver e implementar uma ferramenta de apoio à tomada de decisão para a eficiente instalação dos povoamentos de eucalipto.</span></span></p>
</li>
<li class="wixui-rich-text__text">
<p class="font_8 wixui-rich-text__text"><span class="wixui-rich-text__text"><span class="color_11 wixui-rich-text__text">Potenciar a aprendizagem coletiva sobre as práticas de mobilização do solo, promovendo o cultivo mínimo, e a sustentabilidade das práticas testadas no cultivo do eucalipto.</span></span></p>
</li>
<li class="wixui-rich-text__text">
<p class="font_8 wixui-rich-text__text"><span class="wixui-rich-text__text"><span class="color_11 wixui-rich-text__text">Identificar constrangimentos e barreiras no acesso ao conhecimento e informação necessária para a introdução de inovações no domínio da sustentabilidade dos processos de instalação e gestão dos povoamentos de eucalipto, desenvolvendo soluções para as ultrapassar.</span></span></p>
</li>
<li class="wixui-rich-text__text">
<p class="font_8 wixui-rich-text__text"><span class="wixui-rich-text__text"><span class="color_11 wixui-rich-text__text">Promover a disseminação e demonstração dos resultados junto dos utilizadores do conhecimento, nomeadamente associações de produtores florestais, gestores e proprietários privados e públicos.</span></span></p>
</li>
<li class="wixui-rich-text__text">
<p class="font_8 wixui-rich-text__text"><span class="wixui-rich-text__text"><span class="color_11 wixui-rich-text__text">Promover a cooperação técnica entre as entidades que atuam nos domínios das plantações florestais e na mobilização de solos e fomentar o reforço da capacidade para a rápida recolha de informações sobre o solo e monitorização ao nível regional, dando o seu contributo para uma visão global.</span></span></p>
</li>
</ol>
<p class="font_8 wixui-rich-text__text"><span class="wixui-rich-text__text"><span class="color_11 wixui-rich-text__text">Os objetivos desta Iniciativa visam contribuir na sua generalidade para a melhoria dos povoamentos de eucalipto em Portugal e, consequentemente, na sustentabilidade da capacidade produtiva dos solos florestais e dos ecossistemas florestais.</span></span></p>
<p class="font_8 wixui-rich-text__text"><strong><span class="wixui-rich-text__text"><span class="color_11 wixui-rich-text__text">Resultados previstos:</span></span></strong></p>
<p class="font_8 wixui-rich-text__text"><span class="wixui-rich-text__text"><span class="color_11 wixui-rich-text__text">Com esta ferramenta pretende-se:</span></span></p>
<ul class="color_11 font_8 wixui-rich-text__text">
<li class="wixui-rich-text__text">
<p class="font_8 wixui-rich-text__text"><span class="wixui-rich-text__text"><span class="color_11 wixui-rich-text__text">Demonstrar aos proprietários do minifúndio quais as técnicas corretas na instalação dos povoamentos de eucalipto;</span></span></p>
</li>
<li class="wixui-rich-text__text">
<p class="font_8 wixui-rich-text__text"><span class="wixui-rich-text__text"><span class="color_11 wixui-rich-text__text">Incutir ao setor florestal privado técnicas de preparação do terreno menos intensivas, de menor custo e ambientalmente mais adequadas, reduzindo o número de áreas com problemas decorrentes desta atividade;</span></span></p>
</li>
<li class="wixui-rich-text__text">
<p class="font_8 wixui-rich-text__text"><span class="wixui-rich-text__text"><span class="color_11 wixui-rich-text__text">Ajudar a reduzir os custos da instalação dos povoamentos de eucalipto;</span></span></p>
</li>
<li class="wixui-rich-text__text">
<p class="font_8 wixui-rich-text__text"><span class="wixui-rich-text__text"><span class="color_11 wixui-rich-text__text">Contribuir para a melhoria da produtividade florestal do eucalipto no país, pela dinamização do setor e adoção de técnicas adequadas na instalação dos povoamentos de eucalipto;</span></span></p>
</li>
<li class="wixui-rich-text__text">
<p class="font_8 wixui-rich-text__text"><span class="wixui-rich-text__text"><span class="color_11 wixui-rich-text__text">Demonstrar aos prestadores de serviços que é necessário adaptar e mudar o equipamento de forma a aumentar o potencial produtivo da região com o mínimo de impacto ambiental;</span></span></p>
</li>
<li class="wixui-rich-text__text">
<p class="font_8 wixui-rich-text__text"><span class="wixui-rich-text__text"><span class="color_11 wixui-rich-text__text">Contribuir para o aumento da consciência na sociedade civil e decisores sobre a importância do solo para a vida humana.</span></span></p>
</li>
</ul>
<p class="font_8 wixui-rich-text__text"><strong><span class="wixui-rich-text__text"><span class="color_11 wixui-rich-text__text">Instituição promotora:</span></span></strong></p>
<ul class="color_11 font_8 wixui-rich-text__text">
<li class="wixui-rich-text__text">
<p class="font_8 wixui-rich-text__text"><span class="wixui-rich-text__text"><span class="color_11 wixui-rich-text__text">ORGANIZAÇÃO FLORESTAL ATLANTIS – ASS. DESENVOLVIMENTO FLORESTAL</span></span></p>
</li>
</ul>
<p class="font_8 wixui-rich-text__text"><span class="wixui-rich-text__text"><span class="color_11 wixui-rich-text__text"> </span></span></p>
<p class="font_8 wixui-rich-text__text"><strong><span class="wixui-rich-text__text"><span class="color_11 wixui-rich-text__text">Parceiros:</span></span></strong></p>
<ul class="color_11 font_8 wixui-rich-text__text">
<li class="wixui-rich-text__text">
<p class="font_8 wixui-rich-text__text"><span class="wixui-rich-text__text"><span class="color_11 wixui-rich-text__text">RAIZ &#8211; INSTITUTO DE INVESTIGAÇÃO DA FLORESTA E PAPEL</span></span></p>
</li>
<li class="wixui-rich-text__text">
<p class="font_8 wixui-rich-text__text"><span class="wixui-rich-text__text"><span class="color_11 wixui-rich-text__text">ESCOLA SUPERIOR AGRÁRIA DO INSTITUTO POLITÉCNICO DE COIMBRA</span></span></p>
</li>
<li class="wixui-rich-text__text">
<p class="font_8 wixui-rich-text__text"><span class="wixui-rich-text__text"><span class="color_11 wixui-rich-text__text">JJM ESPERANÇA LDA</span></span></p>
</li>
<li class="wixui-rich-text__text">
<p class="font_8 wixui-rich-text__text"><span class="wixui-rich-text__text"><span class="color_11 wixui-rich-text__text">ANEFA ASS. NACIONAL DE EMPRESAS FLORESTAIS AGRICOLAS E DO AMBIENTE</span></span></p>
</li>
<li class="wixui-rich-text__text">
<p class="font_8 wixui-rich-text__text"><span class="wixui-rich-text__text"><span class="color_11 wixui-rich-text__text">GREENCLON, LDA</span></span></p>
</li>
<li class="wixui-rich-text__text">
<p class="font_8 wixui-rich-text__text"><span class="wixui-rich-text__text"><span class="color_11 wixui-rich-text__text">FORESTFIN &#8211; FLORESTAS E AFINS, LDA</span></span></p>
</li>
<li class="wixui-rich-text__text">
<p class="font_8 wixui-rich-text__text"><span class="wixui-rich-text__text"><span class="color_11 wixui-rich-text__text">LEITÃO &amp; CAVALEIRO SILVICULTURA E EXPLORAÇÃO FLORESTAL LDA</span></span></p>
</li>
</ul>
<p>&nbsp;</p>
<p><strong>Confinanciado por:</strong>[/vc_column_text][vc_single_image image=&#8221;14107&#8243; img_size=&#8221;full&#8221; onclick=&#8221;custom_link&#8221; link=&#8221;http://www.pdr-2020.pt/&#8221;][/vc_column][/vc_row]</p>

<p>[vc_row][vc_column][vc_column_text]GO IEPE &#8211; Instalação Eficiente de Povoamentos de Eucalipto PDR 2020 &#8211; Programa de Desenvolvimento Rural 2014-2020 ​Janeiro de 2017 a Dezembro de 2022 Objectivos: Desenvolvimento de uma ferramenta de suporte à tomada de decisão para a instalação dos povoamentos de eucalipto, baseada em técnicas silvícolas sustentáveis ao nível do recurso solo e adequadas aos&hellip;</p>
